git of 12974?
1
What is the units digit of 3773?
3
What is the units digit of 12568?
8
What is the ten thousands digit of 70004?
7
What is the tens digit of 81180?
8
What is the thousands digit of 1337?
1
What is the hundreds digit of 13934?
9
What is the tens digit of 4354?
5
What is the thousands digit of 1159?
1
What is the units digit of 849?
9
What is the thousands digit of 29709?
9
What is the hundreds digit of 7779?
7
What is the tens digit of 15?
1
What is the units digit of 36334?
4
What is the units digit of 1330?
0
What is the tens digit of 1464?
6
What is the tens digit of 6020?
2
What is the hundreds digit of 3418?
4
What is the tens digit of 3796?
9
What is the units digit of 285?
5
What is the tens digit of 413?
1
What is the hundreds digit of 112314?
3
What is the hundreds digit of 21345?
3
What is the thousands digit of 84539?
4
What is the tens digit of 5172?
7
What is the thousands digit of 11096?
1
What is the units digit of 7713?
3
What is the tens digit of 3410?
1
What is the thousands digit of 3098?
3
What is the units digit of 959?
9
What is the tens digit of 63?
6
What is the tens digit of 36794?
9
What is the tens digit of 3524?
2
What is the tens digit of 5146?
4
What is the thousands digit of 10757?
0
What is the tens digit of 90624?
2
What is the hundreds digit of 1061?
0
What is the hundreds digit of 11039?
0
What is the tens digit of 24608?
0
What is the units digit of 2768?
8
What is the units digit of 996?
6
What is the tens digit of 1435?
3
What is the tens digit of 859?
5
What is the thousands digit of 3175?
3
What is the tens digit of 350?
5
What is the hundreds digit of 41405?
4
What is the hundreds digit of 2813?
8
What is the hundred thousands digit of 119611?
1
What is the tens digit of 10227?
2
What is the tens digit of 987?
8
What is the hundreds digit of 23347?
3
What is the ten thousands digit of 20942?
2
What is the tens digit of 16976?
7
What is the ten thousands digit of 13736?
1
What is the tens digit of 14599?
9
What is the hundreds digit of 3384?
3
What is the units digit of 1177?
7
What is the hundred thousands digit of 104417?
1
What is the units digit of 735?
5
What is the tens digit of 592?
9
What is the tens digit of 4778?
7
What is the thousands digit of 4006?
4
What is the thousands digit of 12311?
2
What is the thousands digit of 110626?
0
What is the units digit of 104990?
0
What is the ten thousands digit of 19723?
1
What is the tens digit of 4968?
6
What is the units digit of 8322?
2
What is the units digit of 77234?
4
What is the hundreds digit of 28263?
2
What is the hundred thousands digit of 196308?
1
What is the thousands digit of 3695?
3
What is the thousands digit of 48961?
8
What is the thousands digit of 9444?
9
What is the units digit of 499?
9
What is the tens digit of 143086?
8
What is the thousands digit of 4440?
4
What is the units digit of 7784?
4
What is the tens digit of 35346?
4
What is the thousands digit of 16336?
6
What is the hundreds digit of 21883?
8
What is the hundreds digit of 7607?
6
What is the tens digit of 1273?
7
What is the tens digit of 2128?
2
What is the tens digit of 783?
8
What is the hundreds digit of 384?
3
What is the thousands digit of 23648?
3
What is the ten thousands digit of 35684?
3
What is the units digit of 2017?
7
What is the tens digit of 1001?
0
What is the thousands digit of 19651?
9
What is the hundreds digit of 1450?
4
What is the tens digit of 82700?
0
What is the thousands digit of 6643?
6
What is the tens digit of 903?
0
What is the units digit of 49426?
6
What is the tens digit of 330?
3
What is the hundred thousands digit of 137658?
1
What is the hundreds digit of 64672?
6
What is the hundreds digit of 8428?
4
What is the hundreds digit of 74830?
8
What is the units digit of 3466?
6
What is the hundreds digit of 8348?
3
What is the tens digit of 70?
7
What is the tens digit of 1982?
8
What is the tens digit of 936?
3
What is the thousands digit of 5592?
5
What is the tens digit of 59171?
7
What is the hundreds digit of 47566?
5
What is the units digit of 1409?
9
What is the hundreds digit of 16012?
0
What is the units digit of 6142?
2
What is the hundreds digit of 657?
6
What is the units digit of 218?
8
What is the tens digit of 2145?
4
What is the tens digit of 1226?
2
What is the thousands digit of 6386?
6
What is the tens digit of 5089?
8
What is the tens digit of 2180?
8
What is the tens digit of 4603?
0
What is the tens digit of 264?
6
What is the units digit of 120?
0
What is the hundreds digit of 871?
8
What is the tens digit of 45988?
8
What is the units digit of 23834?
4
What is the tens digit of 1229?
2
What is the units digit of 1079?
9
What is the hundreds digit of 1600?
6
What is the thousands digit of 19846?
9
What is the hundred thousands digit of 137169?
1
What is the ten thousands digit of 34160?
3
What is the hundreds digit of 763?
7
What is the tens digit of 84189?
8
What is the thousands digit of 2099?
2
What is the thousands digit of 43415?
3
What is the thousands digit of 12382?
2
What is the thousands digit of 112351?
2
What is the thousands digit of 2730?
2
What is the units digit of 130?
0
What is the tens digit of 4206?
0
What is the units digit of 44194?
4
What is the units digit of 106931?
1
What is the hundreds digit of 103?
1
What is the thousands digit of 146713?
6
What is the ten thousands digit of 44856?
4
What is the thousands digit of 41103?
1
What is the hundreds digit of 2825?
8
What is the hundreds digit of 2223?
2
What is the tens digit of 8583?
8
What is the tens digit of 965?
6
What is the tens digit of 68845?
4
What is the tens digit of 564?
6
What is the tens digit of 1603?
0
What is the hundred thousands digit of 154984?
1
What is the units digit of 9846?
6
What is the units digit of 78?
8
What is the tens digit of 849?
4
What is the tens digit of 3191?
9
What is the hundreds digit of 4928?
9
What is the tens digit of 5511?
1
What is the hundreds digit of 971?
9
What is the thousands digit of 1822?
1
What is the units digit of 6953?
3
What is the tens digit of 808?
0
What is the hundreds digit of 119514?
5
What is the hundreds digit of 62145?
1
What is the tens digit of 2988?
8
What is the thousands digit of 4086?
4
What is the hundreds digit of 7250?
2
What is the hundreds digit of 59200?
2
What is the thousands digit of 2274?
2
What is the thousands digit of 1324?
1
What is the units digit of 3530?
0
What is the hundreds digit of 1810?
8
What is the hundreds digit of 28332?
3
What is the thousands digit of 1235?
1
What is the tens digit of 267?
6
What is the units digit of 22776?
6
What is the ten thousands digit of 73539?
7
What is the hundred thousands digit of 138834?
1
What is the units digit of 104?
4
What is the tens digit of 7342?
4
What is the tens digit of 50630?
3
What is the thousands digit of 1303?
1
What is the thousands digit of 4432?
4
What is the hundreds digit of 4080?
0
What is the hundreds digit of 2219?
2
What is the hundreds digit of 10366?
3
What is the units digit of 7174?
4
What is the thousands digit of 22982?
2
What is the thousands digit of 4664?
4
What is the hundreds digit of 414?
4
What is the ten thousands digit of 18846?
1
What is the hundreds digit of 612?
6
What is the hundreds digit of 904?
9
What is the tens digit of 8183?
8
What is the hundreds digit of 1525?
5
What is the hundreds digit of 9562?
5
What is the thousands digit of 3211?
3
What is the hundreds digit of 341?
3
What is the hundreds digit of 62007?
0
What is the thousands digit of 1220?
1
What is the thousands digit of 14224?
4
What is the units digit of 557?
7
What is the ten thousands digit of 43521?
4
What is the hundreds digit of 2839?
8
What is the tens digit of 819?
1
What is the thousands digit of 5275?
5
What is the tens digit of 5422?
2
What is the thousands digit of 3067?
3
What is the units digit of 6275?
5
What is the units digit of 4192?
2
What is the thousands digit of 4791?
4
What is the thousands digit of 1267?
1
What is the tens digit of 130701?
0
What is the units digit of 11134?
4
What is the hundreds digit of 11924?
9
What is the ten thousands digit of 14561?
1
What is the tens digit of 32192?
9
What is the tens digit of 5224?
2
What is the hundreds digit o